{"id":375,"date":"2022-02-24T00:48:52","date_gmt":"2022-02-23T22:48:52","guid":{"rendered":"https:\/\/pelicanoshop.com\/?post_type=product&#038;p=375"},"modified":"2022-04-13T16:42:57","modified_gmt":"2022-04-13T14:42:57","slug":"pistola-masajeadora-cr9","status":"publish","type":"product","link":"https:\/\/pelicanoshop.com\/index.php\/product\/pistola-masajeadora-cr9\/","title":{"rendered":"Pistola Masajeadora CR9"},"content":{"rendered":"<div class=\"row align-equal row-box-shadow-2 row-box-shadow-5-hover\"  id=\"row-1275349604\">\n\n\t<div id=\"col-1946764696\" class=\"col medium-4 small-12 large-4\"  >\n\t\t\t\t<div class=\"col-inner\"  >\n\t\t\t\n\t\t\t\n  <div class=\"icon-box testimonial-box icon-box-center text-center\">\n                <div class=\"icon-box-img testimonial-image circle\" style=\"width: 121px\">\n                      <\/div>\n                <div class=\"icon-box-text p-last-0\">\n          <div class=\"star-rating\"><span style=\"width:100%\"><strong class=\"rating\"><\/strong><\/span><\/div>  \t\t\t\t<div class=\"testimonial-text line-height-small italic test_text first-reset last-reset is-italic\">\n            \n<p>Soy corredor regular y despu\u00e9s de cada salida tengo agujetas que me duran un par de d\u00edas, por eso compr\u00e9 esta m\u00e1quina para probar si me aliviaba las piernas.<\/p>\n<p>El resultado ha sido mejor de lo esperado pues con cualquiera de los 4 cabezales que trae aplicado en los cu\u00e1driceps y gemelos genera vibraciones en los m\u00fasculos que el alivio se nota en seguida. La velocidad es regulable por lo que tambi\u00e9n lo puede utilizar mi pareja, pero suelo utilizarlo a la m\u00e1xima potencia.<\/p>\n          <\/div>\n          <div class=\"testimonial-meta pt-half\">\n             <strong class=\"testimonial-name test_name\">Carlos Montero<\/strong>\n                          <span class=\"testimonial-company test_company\"><\/span>\n          <\/div>\n        <\/div>\n  <\/div>\n\n  \n\t\t<\/div>\n\t\t\t\t\t<\/div>\n\n\t\n\n\t<div id=\"col-1276582270\" class=\"col medium-4 small-12 large-4\"  >\n\t\t\t\t<div class=\"col-inner\"  >\n\t\t\t\n\t\t\t\n  <div class=\"icon-box testimonial-box icon-box-center text-center\">\n                <div class=\"icon-box-img testimonial-image circle\" style=\"width: 121px\">\n                      <\/div>\n                <div class=\"icon-box-text p-last-0\">\n          <div class=\"star-rating\"><span style=\"width:100%\"><strong class=\"rating\"><\/strong><\/span><\/div>  \t\t\t\t<div class=\"testimonial-text line-height-small italic test_text first-reset last-reset is-italic\">\n            \n<div class=\"e-box h-p2 -stacked -radius-none\">\n<p class=\"t-body h-my1\">La verdad es que me ha gustado mucho.<br \/>\nTiene varios cabezales de facil\u00edsima instalaci\u00f3n con el que trabajar de manera adecuada las diferentes partes del cuerpo.<br \/>\nNo es necesario poner la pistola a una velocidad alta para lograr un buen rendimiento, con lo que dura mucho m\u00e1s. Tengo la pistola hace unas semanas y s\u00f3lo he hecho una carga y todos los d\u00edas la utilizo un poco y a\u00fan no he tenido que cargarla de nuevo. Muy satisfecha, la verdad.<\/p>\n<\/div>\n          <\/div>\n          <div class=\"testimonial-meta pt-half\">\n             <strong class=\"testimonial-name test_name\">Andrea Blanco<\/strong>\n                          <span class=\"testimonial-company test_company\"><\/span>\n          <\/div>\n        <\/div>\n  <\/div>\n\n  \n\t\t<\/div>\n\t\t\t\t\t<\/div>\n\n\t\n\n\t<div id=\"col-1448209347\" class=\"col medium-4 small-12 large-4\"  >\n\t\t\t\t<div class=\"col-inner\"  >\n\t\t\t\n\t\t\t\n  <div class=\"icon-box testimonial-box icon-box-center text-center\">\n                <div class=\"icon-box-img testimonial-image circle\" style=\"width: 121px\">\n                      <\/div>\n                <div class=\"icon-box-text p-last-0\">\n          <div class=\"star-rating\"><span style=\"width:100%\"><strong class=\"rating\"><\/strong><\/span><\/div>  \t\t\t\t<div class=\"testimonial-text line-height-small italic test_text first-reset last-reset is-italic\">\n            \n<p>Mi novia es deportista de \u00e9lite, por lo que no pude estar m\u00e1s acertado este San Valent\u00edn.<\/p>\n<p>De primeras impresiona, es grande y robusto. Tambi\u00e9n cabe mencionar que los complementos son muy acertados, abarcan pr\u00e1cticamente todo el cuerpo. En cuanto a la funcionalidad, tiene un ratio ampl\u00edsimo de potencia lo que tambi\u00e9n es interesante.<\/p>\n<p>Tengo la pistola hace unas semanas, la usamos a diario, y s\u00f3lo he hecho una carga.<\/p>\n          <\/div>\n          <div class=\"testimonial-meta pt-half\">\n             <strong class=\"testimonial-name test_name\">Rub\u00e9n S\u00e1ez<\/strong>\n                          <span class=\"testimonial-company test_company\"><\/span>\n          <\/div>\n        <\/div>\n  <\/div>\n\n  \n\t\t<\/div>\n\t\t\t\t\t<\/div>\n\n\t\n\n<style>\n#row-1275349604 > .col > .col-inner {\n  padding: 30px 30px 30px 30px;\n}\n<\/style>\n<\/div>\n","protected":false},"excerpt":{"rendered":"<p>La Pistola de Masaje que era hasta hace poco un art\u00edculo de lujo exclusivo para deportistas de \u00e9lite, es un \u00f3ptimo complemento ante los dolores musculares que ocasionan el exceso de actividad o inactividad diaria.<\/p>\n<p>Nuestra Pistola de Masaje CR9 adem\u00e1s de aliviar la rigidez y el dolor muscular, y acelerar su mejora, est\u00e1 dise\u00f1ada tambi\u00e9n para aflojar o recuperar los m\u00fasculos antes y despu\u00e9s de las sesiones de entrenamiento.<\/p>\n<p>Entre sus funciones m\u00e1s destacadas est\u00e1n:<\/p>\n<ul>\n<li>Eliminaci\u00f3n de nudos musculares.<\/li>\n<li>Relajaci\u00f3n de la musculatura superficial y profunda.<\/li>\n<li>Mejora de la circulaci\u00f3n y aumento del flujo sangu\u00edneo y linf\u00e1tico.<\/li>\n<li>Reducci\u00f3n de la fatiga muscular y alivio notable del dolor, adem\u00e1s de eliminaci\u00f3n del estr\u00e9s gracias a un alivio de tensi\u00f3n muscular.<\/li>\n<\/ul>\n","protected":false},"featured_media":376,"template":"","meta":{"nf_dc_page":"","om_disable_all_campaigns":false,"_monsterinsights_skip_tracking":false,"_monsterinsights_sitenote_active":false,"_monsterinsights_sitenote_note":"","_monsterinsights_sitenote_category":0},"product_cat":[15],"product_tag":[],"jetpack_sharing_enabled":true,"_links":{"self":[{"href":"https:\/\/pelicanoshop.com\/index.php\/wp-json\/wp\/v2\/product\/375"}],"collection":[{"href":"https:\/\/pelicanoshop.com\/index.php\/wp-json\/wp\/v2\/product"}],"about":[{"href":"https:\/\/pelicanoshop.com\/index.php\/wp-json\/wp\/v2\/types\/product"}],"version-history":[{"count":9,"href":"https:\/\/pelicanoshop.com\/index.php\/wp-json\/wp\/v2\/product\/375\/revisions"}],"predecessor-version":[{"id":407,"href":"https:\/\/pelicanoshop.com\/index.php\/wp-json\/wp\/v2\/product\/375\/revisions\/407"}],"wp:featuredmedia":[{"embeddable":true,"href":"https:\/\/pelicanoshop.com\/index.php\/wp-json\/wp\/v2\/media\/376"}],"wp:attachment":[{"href":"https:\/\/pelicanoshop.com\/index.php\/wp-json\/wp\/v2\/media?parent=375"}],"wp:term":[{"taxonomy":"product_cat","embeddable":true,"href":"https:\/\/pelicanoshop.com\/index.php\/wp-json\/wp\/v2\/product_cat?post=375"},{"taxonomy":"product_tag","embeddable":true,"href":"https:\/\/pelicanoshop.com\/index.php\/wp-json\/wp\/v2\/product_tag?post=375"}],"curies":[{"name":"wp","href":"https:\/\/api.w.org\/{rel}","templated":true}]}}